 Suppose -17*q = j*q - 19448. What is the units digit of q?
8
Suppose 4*b = -4*b - 200. What is the hundreds digit of 10/b*-10*27 - -2?
1
Let l(f) be the second derivative of -9*f**4/4 + f**3/3 + f**2/2 + 15*f. Let u be l(-2). Let y = u - -169. What is the units digit of y?
8
Let k = 1412 - -11443. What is the ten thousands digit of k?
1
Suppose 3*f = w + 15, -17 = 5*w + 3*f - 14. What is the tens digit of (w/2)/((-9)/3846)?
4
Let q be (6/(-9))/((-2)/12). Let h(y) = y**3 - 3*y**2 - y - 7. Let b be h(q). What is the units digit of b*(-4)/8*(-14 + -2)?
0
Let g = 41938 + -19968. What is the units digit of g?
0
Suppose -k + 22 = -2*m + 62, 4*m = -5*k + 66. Suppose -17*s + m*s - 566 = 0. What is the tens digit of s?
8
Let h = -83 - -92. Suppose -3959 - 3196 = -h*a. What is the hundreds digit of a?
7
Suppose -6*r = 5*x - 10*r - 94091, r - 6 = 0. What is the ten thousands digit of x?
1
Let r(b) = 4 - 5 + 3 + b**2 + 3. Let q = -1462 + 1468. What is the units digit of r(q)?
1
Suppose 53434 = 4*x - 2*n, x = 16*n - 12*n + 13369. What is the thousands digit of x?
3
What is the tens digit of 16/10 + (-1483649)/(-235)?
1
Let x(k) = -66*k - 172. Let s be x(-19). Let b = s + -1053. What is the units digit of b?
9
Let a = -1135 - 1824. Let t = -2067 - a. What is the tens digit of t?
9
Let v(a) = 2*a**2 - 185*a - 482. What is the units digit of v(-83)?
1
Suppose -5*l + 2 + 18 = 4*u, -5*u - 3*l = -25. Suppose -817 = -q + u*v, 5*q - v - 1341 = 2864. What is the hundreds digit of q?
8
Let k = -9517 - -9519. Let a be (-47)/(-9) + 4/(-18). Suppose 6*y - y - 1031 = -4*p, k*y + a*p = 426. What is the hundreds digit of y?
2
Let g(l) = -7*l - 26. Let d be g(-3). Let u(p) = -3*p**3 - p**2 + p - 11. What is the hundreds digit of u(d)?
3
Let k(h) = 104*h - 167. What is the thousands digit of k(27)?
2
Let c(a) = 137*a - 17. Suppose -12*v + 24 = -4*v. Let p be c(v). What is the tens digit of 1 + p/6 + 5/15?
6
Suppose -x - 5*i = -39, 0 = -2*x - i - 4*i + 83. Suppose -111*u + 61*u - 224*u - 822 = 0. What is the hundreds digit of 5973/x - u/12?
1
Let j(n) be the third derivative of -13*n**4/24 - 11*n**3/3 + 67*n**2. What is the units digit of j(-2)?
4
Let l(a) = a**3 + 7*a**2 + 6*a + 2. Let d be l(-6). Let c = -856 - -814. What is the tens digit of (15/(-6))/((-81)/c - d)?
3
Let m be (14/2)/(8*(-9)/(-3816)). Let f = m - 323. What is the units digit of f?
8
Let h = -12879 + 33915. What is the tens digit of h?
3
Suppose 4*l - 1133 = -p + 6*p, -p = 5*l - 1438. Suppose -3*j + 157 + l = 0. What is the tens digit of j?
4
Suppose 1 + 2 = -5*y - w, 3*y + w = -3. Suppose y = 4*r - 322 - 390. What is the units digit of r?
8
What is the tens digit of 6/48*-18*64/(-24) - -7361?
6
Suppose 4*n + 4*n - 21440 = 0. Suppose 0 = -7*p + 1653 + n. What is the tens digit of p?
1
Suppose -5*o - 68 = -2*t - 0*t, -3*o - 170 = -5*t. Suppose -5*h - 15 = -30. Suppose -h*d - 50 = -3*j + 19, 2*d - t = -2*j. What is the units digit of j?
0
Suppose -2*j + 437 = j - 4*x, -4*j - 2*x = -568. What is the units digit of (12/39)/2 + 55748/j?
0
Suppose -121*u = -139*u + 36. Suppose -11*t + 9*t + u*j + 1006 = 0, 2*t - 1003 = 5*j. What is the tens digit of t?
0
What is the units digit of ((-20118)/(-63))/(-6*(-3)/513)?
1
Suppose -2*t = c - 9469, 237*t - 2*c = 235*t + 9466. What is the tens digit of t?
3
Let d(w) = -9*w - 18. Let i be d(-8). Suppose -6*x = 12 - i. Suppose -x*g = -10*g + 21. What is the units digit of g?
7
Let r(n) = -2*n**2 - 123*n + 571. What is the hundreds digit of r(-54)?
3
Let t(z) = 468*z + 1039. What is the hundreds digit of t(80)?
4
Suppose 0 = -c - 35 + 51. Let o(a) = a - 21. Let h be o(c). What is the tens digit of -279*(-4*h/(-6) - -3)?
9
Suppose -21503560 + 7745420 = -230*w. What is the tens digit of w?
1
Let r = -46 - -55. Suppose 325 - 1 = -r*q. Let v = q - -85. What is the tens digit of v?
4
Suppose 0 = -122*z + 129*z - 14189. Suppose -5*r + 2536 = 3*s, 4*r - z = 3*s - 6*s. What is the tens digit of r?
0
Suppose y - 34239 = -2*y + 25764. What is the thousands digit of y?
0
Let h(l) = 5*l - 120. Let t be h(24). What is the units digit of 240 - (3 - t) - 5?
2
Suppose -35*h - 1718 = -37*h. Let t = 1332 - h. What is the units digit of t?
3
What is the thousands digit of -1*244*(507/(-26) + 5)?
3
Let r(d) = -d**2 + 54*d + 31844. What is the thousands digit of r(0)?
1
Let y = 655 + -192. What is the tens digit of (-2 - 6)/(-32) + y/4?
1
Let f(h) be the second derivative of 5*h**4/12 - 5*h**3/6 + 11*h**2/2 + 811*h. Suppose 0 = 2*t - 4*t - 10. What is the units digit of f(t)?
1
Suppose 6*p = -3*p - 72. Let k = 0 - p. Let h(j) = 12*j + 14. What is the tens digit of h(k)?
1
Suppose 0 = 19*l - 22*l. Suppose l = -58*w + 50*w + 2720. What is the tens digit of w?
4
Let f(h) = 288*h - 56. Let d be f(2). Suppose 26 + 4 = 5*u. Suppose -4*s + d = u*s. What is the units digit of s?
2
Let a(r) = 23*r**3 + 3*r**2 + 15*r + 57. Let l be a(-5). Let u = -1857 - l. What is the hundreds digit of u?
9
What is the hundreds digit of (268/6)/(3/(-1) + 239610/79821)?
2
Let y(a) = -a**2 - 54*a - 345. Let x be y(-46). What is the units digit of x/8 - 4/(-32)?
3
Let i(p) = 17*p**2 + 20*p + 19. What is the tens digit of i(10)?
1
Suppose 2*t + 2 = 0, -3*t = 4*y - 8*y + 15. Suppose y*p + 35*p = 63612. What is the tens digit of p?
7
Suppose -15*q + 12*q = -15. Suppose -5*d = h - 23, q*h - d - 220 = -5*d. What is the units digit of h?
8
Let t = 212 - 46. Suppose 34 = f + 5*n, 3*f = -9*n + 10*n + t. What is the units digit of f?
4
Let b be (-4)/(-5 - (2/(-1) - 1)). Let p(h) = -h**3 - h**2 - 3*h + 4. Let j be p(b). Let r(x) = x**3 + 16*x**2 + 25*x - 12. What is the tens digit of r(j)?
3
Let h be 4*(-5)/(20/(-20694)). What is the hundreds digit of 4/(-18) - h/(-54)?
3
Let r = 63 - 60. Suppose r*g - 213 - 255 = -w, 1942 = 4*w - 2*g. Suppose 5*k - 792 = w. What is the hundreds digit of k?
2
Let m(y) = 25*y**3 + 73*y**2 - 700*y + 9. What is the units digit of m(9)?
7
Let c = 19881 - 9759. Suppose 6*y = 20*y - c. What is the tens digit of y?
2
Let f = -267 + 289. Suppose 6*u - 4142 - f = 0. What is the units digit of u?
4
Let a(p) = 83*p + 10840. What is the tens digit of a(62)?
8
Let z(v) be the third derivative of 2*v**4 - 32*v**3/3 + 55*v**2. What is the tens digit of z(9)?
6
Let o(h) = -h**2 + 7*h + 12. Let z be o(8). Suppose -49 = -z*n - 9. What is the units digit of n/2*(-5 + 138/15)?
1
Suppose -205*u + 204*u + 68097 = 3*a, 5*u - 340637 = 4*a. What is the ten thousands digit of u?
6
Let h be (-8 - 10)*(-28)/(-42). Let o(n) = 11*n - 3*n + 7 + n**2 + 5. What is the tens digit of o(h)?
6
Suppose -3*u - 51*w + 50*w = -41763, 4*u + 5*w - 55684 = 0. What is the tens digit of u?
2
Let u = 38658 - 25910. What is the thousands digit of u?
2
Let g(x) = 3*x + 1. Let v be g(1). Suppose 0 = -v*n - 5*d + d + 2044, 3*n = 4*d + 1505. Suppose n - 87 = 3*k. What is the tens digit of k?
4
Let j = 26280 - -11841. What is the units digit of j?
1
Let i(h) be the third derivative of -h**7/280 + h**6/240 + 3*h**5/20 + 18*h**2. Let c(l) be the third derivative of i(l). What is the tens digit of c(-2)?
3
Suppose -190*o - 35380 = 180*o - 380*o. What is the hundreds digit of o?
5
Suppose 0*l - l - 759 = 5*v, -5*v = -l + 761. Let s(x) = -139*x + 1108. Let b be s(8). Let a = b - v. What is the units digit of a?
8
Let u(m) = m**3 - 2*m**2 - 4*m + 5. Let a be u(4). Let l be -2 - (-3)/(9/a). Suppose -176 = -2*x + l*y - y, -4*y = 0. What is the tens digit of x?
8
What is the tens digit of (-346530)/(-375) - (-16)/(-200)?
2
Suppose -3*u = 2*z - 62166, -2*u - 4*z + 41449 = -z. Suppose -15*r = r - u. Suppose 5*b - r = -470. What is the units digit of b?
5
What is the ten thousands digit of -6 + -1 - (0 + 5 + -53 + -14974)?
1
Let u = -12509 - -19686. What is the thousands digit of u?
7
Suppose 4*i + 16 = 0, -2*u = 3*i - 2046 - 170. What is the units digit of u?
4
Suppose -16*h - h + 28434 + 12604 = 0. What is the thousands digit of h?
2
Let q(h) = -h**2 - 31*h + 6. Let z = 11 + -24. What is the tens digit of q(z)?
4
Suppose -2*a = -4*p + 6*p - 10, p - 5 = 3*a. What is the units digit of (70/30)/(p/2055)?
9
Let k(m) = -2*m - 17. Let u be k(-10). Suppose 243 = -u*n - 54. Let g = 208 + n. What is the units digit of g?
9
Suppose 15*g - 2*g = -8424. Let b = g - -13